- (5 + 2)) + -2.
0
What is the value of (-11 - -38) + -44 - -26?
9
(13 - 0) + 382 + -378 + -26
-9
What is -25 + 34 - (2 - -10) - (-3 + -8)?
8
1 + -19 - (-12 - 0)
-6
Calculate -2 + (11 - -4) + -4 + -1.
8
Evaluate -1 - (-1 + -8 + 12 + 4).
-8
7 - -1 - (10 + (-20 - (-2 + -14)))
2
What is (41 - -9) + (2 - 36)?
16
Calculate 12 - (12 + 18) - (0 + -4).
-14
Calculate 23 - (9 + -9 + 4) - 2 - 1.
16
What is the value of -13 + (15 - -6) + -19?
-11
Evaluate -44 - ((-207 - -194) + 0 + -1).
-30
Calculate (3 - -1) + (3 - -2 - (-76 + 75)).
10
What is the value of (5 - 18) + 33 + -7 - -16?
29
48 + -62 + 1 + -3
-16
(-22 - -10) + -21 + 14
-19
Calculate 1 + (-13 - 9) - (-18 - -20).
-23
Calculate 14 + (-1 - -7) + (67 - 121).
-34
Evaluate -5 - (3 + (-9 + 10 + -4 - -4)).
-9
Evaluate (-20 - (-15 + 27)) + 5.
-27
30 + -25 + 9 - (2 - 21)
33
Calculate (-4 - (-4 + -9)) + -9.
0
What is (-16 - (19 - 2)) + 19?
-14
Calculate -11 + (11 - 23) + 34.
11
What is (-12 - -9) + (0 - -1) + (-4 - -11)?
5
-7 + (0 - -4) - -9 - 11
-5
-91 + 78 + (6 - (3 - (6 + -2)))
-6
What is 2 - ((11 - 9) + -8) - 35?
-27
What is (40 - 17) + -26 - (-36 + 0)?
33
What is -3 + 11 - ((10 - (9 + -5)) + -10)?
12
What is -6 + -3 + 2 - (-600 - -610)?
-17
What is the value of 921 - 930 - (-5 - 1)?
-3
-21 + (20 - 10) + 0 - -8
-3
What is the value of 7 + -10 + -2 + (10 - 15)?
-10
Evaluate (-4 - -18 - 3) + -23.
-12
5 - (5 + 8) - 13
-21
Calculate 17 + -8 + -16 + 3.
-4
Calculate -33 + 2 + 28 - (10 - -1).
-14
What is (-4 - -2) + -45 + 58 + 2?
13
18 - ((-6 + 11 - -2) + 6 + -6)
11
(24 - (11 + -13)) + -4 - 5
17
What is the value of -36 + 76 + -26 - (-23 - -3)?
34
What is the value of (0 + 19 - 16) + 1?
4
What is the value of -27 + (25 - 49 - -27)?
-24
What is the value of (0 - -20) + (23 + -45 - -18)?
16
What is -19 + 17 + (11 - -2)?
11
2 + (1 + -9 - -15) - 1
8
Calculate 0 + -26 + 23 + 13.
10
What is (15 - 11) + -24 - -57 - (2 - -7)?
28
Calculate 12 - ((56 - 32) + -17).
5
11 + 2 + -242 + 253
24
What is the value of (1 - -36) + (-8 - 3) - 11?
15
103 + -88 + (-4 - -4)
15
What is the value of -20 + 14 + 5 + -12?
-13
Evaluate 5 - ((-8 - -12) + -13 - -6 - -20).
-12
Evaluate 15 - ((-37 - -21) + 22).
9
Calculate -1 + 2 - (-7 - -16) - -7.
-1
What is -3 + -2 + 10 + 10 + -11 + 0?
4
What is -4 + (-8 - (1 + -6)) + (0 - -1)?
-6
Calculate 8 - (2 + (12 - 6) + 5).
-5
What is the value of -49 - (-32 - -13) - (3 - -8)?
-41
Evaluate 337 + -334 + -26 + -2.
-25
What is the value of 14 - (16 + -17 - -7)?
8
Evaluate -1 - (44 - ((28 - 39) + (2 - -20))).
-34
What is the value of -11 + 10 + -3 + (3 - -3) + -3?
-1
7 + (-25 - (-13 + 18 - 21))
-2
Calculate 2 + 17 + -6 + -4 + (-7 - -2).
4
What is (-7 - -7) + (-4 - -2) - -8 - 0?
6
What is 47 - (-4 + (54 - 17))?
14
4 + 2 - (11 + 6 + 2 + -12)
-1
What is the value of (-5 - -1) + 18 + 4 + -17 - -24?
25
Evaluate -12 + 1 + -4 + (-159 - -178).
4
-2 + 0 - -8 - 18 - (-4 + 2)
-10
-1 + (-1 - -18) + (-41 + -40 - -70)
5
What is (41 - -4 - 12) + (6 - 1) + -5?
33
What is -7 - 7 - (-22 + 1)?
7
-17 - ((-12 - -13) + -30)
12
What is the value of -58 - -65 - (9 + 5)?
-7
Evaluate (2 - 4) + 7 - (21 - 19).
3
Calculate (7 - 3) + (-17 - (1 - (3 - 4))).
-15
Calculate -1 + 16 + -16 - (-1 - -13).
-13
2 - (-12 - (12 - (1 + 11)))
14
What is -17 + 2 + 1 + 15 + -9?
-8
(-32 - ((-7 - 5) + 0)) + 7
-13
What is the value of (8 - 16 - 3) + (-27 - -10 - -2)?
-26
Calculate -16 - (24 + (-18 - -4) + -8).
-18
Evaluate -3 + 1 - (-7 + -2 + -8).
15
(14 - (-27 + 23 - -11)) + (-29 - -1)
-21
-4 + -10 + 83 + -78
-9
33 + -1 + 304 + -322
14
25 + (12 - (0 - -7)) + -9
21
39 + -36 - (-1 + (-4 - -1 - -5))
2
Calculate 12 - -47 - 43 - -20.
36
Calculate -7 + (-2 - 1) + 2 + 6 + -4.
-6
What is the value of 1 - 6 - (0 + -1 + 184 + -173)?
-15
-4 + (6 + 5 + -5 - 6)
-4
What is the value of (-1 - 6) + (-165 - -168)?
-4
Calculate -11 + 19 + -13 + -3.
-8
What is the value of (-6 - (5 + (6 - (-4 - -18)))) + 3?
0
What is 6 + (-22 - -9 - (-3 - -3) - -1)?
-6
What is -8 - (9 - (16 - -8 - -7))?
14
What is the value of 7 + (-8 - (-1 - 17)) + (1 - 4)?
14
29 + 31 + (-20 - 43)
-3
What is -3 + (6 - -7) + -19?
-9
What is 6 + (-3 + -7 + 6 + 2 - 1)?
3
What is (19 - (-24 - -27)) + -16?
0
-1 + (-10 - 0) + -1
-12
Evaluate 16 - (4 - (-8 - 0 - -15) - -5).
14
11 + -14 - 12 - -22
7
-64 + 19 + (42 - 29)
-32
Calculate 3 - (-16 + 30 + -20).
9
Calculate (0 - (1 - 2) - -9) + (239 - 244).
5
What is 6 - (7 + (-2 + 0 - 0) + -7)?
8
Calculate 10 + ((3 - (10 - 17)) + 11 - 2).
29
Calculate -10 - (-37 + -6 + 21).
12
What is (21 - 0) + (-11 - 1) + 26 + -20?
15
What is the value of -11 - -2 - ((6 - (8 + -8)) + -45)?
30
What is the value of -8 - (-58 + 45 + 4 + 2)?
-1
What is 1 + (0 - 2) - 8 - (1417 + -1408)?
-18
What is 28 + (39 - (82 + -24))?
9
What is the value of 11 + (-1 - -6) + (0 - -2) + -6?
12
Calculate (-3 - 4) + 39 + -18.
14
Calculate (-52 - -12) + 24 + 4 + (-1 - -1).
-12
Calculate 16 + (0 - 21 - -7).
2
What is the value of -2 - (-4 + 6 - (12 + -2))?
6
Evaluate 9 - (-33 + 28 - (1 + (1 - 2))).
14
-2 + 4 + -2 + (-8 - (26 - 16))
-18
Evaluate 2 + (-20 - -5) + 21.
8
2 + -3 + (-49 - -35 - (-11 - -1))
-5
Evaluate (2 - 1) + 2 + 3 + 5.
11
What is 965 + -996 - (1 - 29)?
-3
What is the value of 33 + (-3 + -26 - -12)?
16
Evaluate (-10 - 0 - -17) + -3 + 12 + -3.
13
What is -32 - (-36 - -17) - -37 - -11?
35
190 + -196 - (0 + 1 - 7)
0
What is the value of (363 - 371) + (-1 - -4 - (-9 + 17))?
-13
114 - 109 - (2 + -4 - (-1 - -3))
9
9 - (6 + -11) - (-2 - -10)
6
Calculate -6 + 28 + 15 - (11 - -2).
24
What is the value of -10 - (-14 + (-20 - -8))?
16
-2 + (-28 + 44 - (-1 + 2))
13
What is the value of (-5 - -5) + (5 - 0 - 4 - -6)?
7
What is the value of -7 + -3 + (190 - 183)?
-3
What is the value of 31 - (-9 - (-27 + 3 + 10))?
26
Evaluate 348 + -361 + (8 - (1 + 1)).
-7
-9 - ((1 - 0) + 0 - (-1 - -2))
-9
Calculate -10 - 3 - (-48 + 36).
-1
What is the value of (-2 - 4) + 32 + -20?
6
What is the value of 4 - (11 + -47 + 22)?
18
Calculate 20 - ((9 - 14 - -13) + -7 + 1).
18
What is the value of 7 + 3 + -62 + 42?
-10
-8 + (18 - (6 - 9))
13
Evaluate -3 - 20 - (-14 + 15 + -10).
-14
Calculate 502 + -492 - (2 + -5 + 2).
11
What is 8 + -8 + (-32 - -47)?
15
What is the value of 52 - 18 - 11 - (-3 - 5)?
31
What is the value of -2 + (4 - (-6 - -12) - 5) + 1?
-8
What is (-6 - (-1 - -2)) + -2 + 12?
3
What is the value of -14 + (-15 - (8 + -7 + -8))?
-22
What is -1 - (-5 - (-4 + 1) - 5)?
6
What is the value of (-10 - -9 - 2) + 5 - -12?
14
Calculate 22 - (0 + 10 + 15).
-3
Evaluate (9 + -2 - 4) + 0.
3
Evaluate 0 + (-5 - (6 + 7) - (-14 - -5)).
-9
6 + 0 + (-3 - (12 - 7))
-2
What is (1 - -1) + (-31 - (-46 - -10)) - -18?
25
What is 11 - (-29 + (-26 - -63))?
3
Calculate (19 - (61 + -38)) + 1 + -2.
-5
What is the value of -9 + -1 + 17 + 3 + 2 + -14?
-2
What is the value of -34 - (-13 - 49) - 55?
-27
What is the value of 7 - (7 + 12 + -27)?
15
What is -7 - (-10 + 4) - (-5 + (1 - -2))?
1
Evaluate 153 - 160 - (-5 + -3 - -2).
-1
Evaluate -24 + (-27 - (-63 + 24)).
-12
Evaluate 11 + 71 - 42 - 6.
34
3 + -5 - (-64 - -54)
8
5 - -1 - ((-17 - -33) + -9)
-1
What is 15 - (8 + -10) - 25?
-8
What is (25 - 7) + -54 - -21?
-15
Calculate 5 + 9 + -3 - (-1 - -10).
2
What is the value of 2 + (-16 - -28 - 3) - 35?
-24
What is -4 + ((-1 - (-10 + 6)) + 1 - -4)?
4
What is the value of -642 + 640 + (-2 - (2 + -5) - -12)?
11
Calculate -32 + 30 - ((-1 - -4) + 4 + 8).
-17
30 + (-82 - -38) + 34 + -1
19
What is 4 - 18 - -26 - (-3 - 1)?
16
What is -3 + (-5 - -7) + 13 + -11 - 3?
-2
-2 + -1 + (-4 - -12 - 12)
-7
Calculate 17 + (-7 - 3) + (-2 - -12) + -5.
12
0 - 1 - (-43 - -35) - 19 - 1
-13
Calculate 51 + 29 + -41 + -46.
-7
3 - (1 + (-1 - 10) + 4)
9
-11 + -5 - (-9 + 16 + -14)
-9
Evaluate 15 + -13 + (-3 - (-5 - 11)).
15
What is the value of 4 - (-5 + -1 + 8 - -15)?
-13
What is 23 + (-44 - -29) + (-20 - 1)?
-13
Calculate -64 - -88 - (9 - 0).
15
Calculate -8 + (8 - 2 - 7 - 2 - -3).
-8
What is 6 + -11 - (-5 + (6 - -3) + -4)?
-5
Calculate (9 - 6) + (-6 - 2 - -5) + 20.
20
Calculate -3 + -4 + 10 + (-13 - -16).
6
Evaluate -28 + -19 + 52 - (-11 - 0).
16
Evaluate (-10 - (-33 + 47)) + 30.
6
Evaluate 27 + (-14 - -12) - 15 - -16.
26
-41 - -44 - (2 - -4) - (22 + 1)
-26
-17 + (-2 - 2) + 5 + 4
-12
Evaluate (-14 + 0 - 3) + -4 - -5 - -5.
-11
What is the value of 21 + 6 - 17 - (-20 + 2)?
28
Wh